{"id":41,"date":"2015-10-17T21:19:21","date_gmt":"2015-10-17T19:19:21","guid":{"rendered":"http:\/\/ztm-arbeitskreis.de\/?page_id=41"},"modified":"2026-03-12T10:36:12","modified_gmt":"2026-03-12T09:36:12","slug":"log-in","status":"publish","type":"page","link":"http:\/\/ztm-arbeitskreis.de\/index.php\/log-in\/","title":{"rendered":"Log In"},"content":{"rendered":"Hier kannst Du dich f\u00fcr den Mitgliederbereich einloggen.\n<em>(Nach erfolgreichem erstmaligen LogIn solltest Du Dein Passwort \u00e4ndern.<\/em>\n<em>Bitte tu dies aus Sicherheitsgr\u00fcnden am Besten sofort.<\/em>\n<em>Solltest Du sp\u00e4ter noch einmal Dein Passwort \u00e4ndern m\u00fcssen, findest Du diese Funktion <a href=\"http:\/\/ztm-arbeitskreis.de\/index.php\/log-in\/passwort-aendern\/\">hier<\/a> oder im Menu)<\/em>\n\n<strong><em>LogIn &gt; Passwort \u00e4ndern<\/em><\/strong>\n\n<span class=\"nowrap\">LOG IN\n<div id=\"wppb-login-wrap\" class=\"wppb-user-forms\">\n\t\t<form name=\"wppb-loginform\" id=\"wppb-loginform\" class=\"\" action=\"http:\/\/ztm-arbeitskreis.de\/index.php\/wp-json\/wp\/v2\/pages\/41\" method=\"post\">\n\t\t\t\n\t\t\t<p class=\"wppb-form-field login-username\">\n\t\t\t\t<label for=\"wppb_user_login\">Benutzername oder E-Mail-Adresse<\/label>\n\t\t\t\t<input type=\"text\" name=\"log\" id=\"wppb_user_login\" class=\"input\" value=\"\" size=\"20\" \/>\n\t\t\t<\/p>\n\t\t\t<p class=\"wppb-form-field login-password\">\n\t\t\t\t<label for=\"wppb_user_pass\">Passwort<\/label>\n\t\t\t\t<span class=\"wppb-password-field-container\">\n\t\t\t\t    <input type=\"password\" name=\"pwd\" id=\"wppb_user_pass\" class=\"input\" value=\"\" size=\"20\" \/>\n\t\t\t\t     <!-- add the HTML for the visibility toggle -->\n\t\t\t\t<\/span>\n            <\/p>\n\t\t\t\n\t\t\t\n\t\t\t<p class=\"wppb-form-field login-remember\"><input name=\"rememberme\" type=\"checkbox\" id=\"rememberme\" value=\"forever\" \/><label for=\"rememberme\">Angemeldet bleiben<\/label><\/p>\n\t\t\t<p class=\"login-submit form-submit\">\n\t\t\t\t<input type=\"submit\" name=\"wp-submit\" id=\"wppb-submit\" class=\"button button-primary\" value=\"Anmelden\"\" \/>\n\t\t\t\t<input type=\"hidden\" name=\"redirect_to\" value=\"http:\/\/ztm-arbeitskreis.de\/index.php\/wp-json\/wp\/v2\/pages\/41\" \/>\n\t\t\t<\/p>\n\t\t\t<input type=\"hidden\" name=\"wppb_login\" value=\"true\"\/>\n\t\t\t<input type=\"hidden\" name=\"wppb_form_location\" value=\"widget\"\/>\n\t\t\t<input type=\"hidden\" name=\"wppb_request_url\" value=\"http:\/\/ztm-arbeitskreis.de\/index.php\/wp-json\/wp\/v2\/pages\/41\"\/>\n\t\t\t<input type=\"hidden\" name=\"wppb_lostpassword_url\" value=\"\"\/>\n\t\t\t<input type=\"hidden\" name=\"wppb_redirect_priority\" value=\"\"\/>\n\t\t\t<input type=\"hidden\" name=\"wppb_referer_url\" value=\"\"\/>\n\t\t\t<input type=\"hidden\" id=\"CSRFToken-wppb\" name=\"CSRFToken-wppb\" value=\"e41516066e\" \/><input type=\"hidden\" name=\"_wp_http_referer\" value=\"\/index.php\/wp-json\/wp\/v2\/pages\/41\" \/>\n\t\t\t<input type=\"hidden\" name=\"wppb_redirect_check\" value=\"true\"\/>\n\t\t\t\n\t\t<\/form><\/div><\/span>\n\n\n<h2 class=\"wp-block-heading\">Zugangsdaten vergessen?<\/h2>\n\n\n\n\nDann melde Dich unter <strong>info(at)ztm-arbeitskreis.de<\/strong>\n\n","protected":false},"excerpt":{"rendered":"<p>Hier kannst Du dich f\u00fcr den Mitgliederbereich einloggen. (Nach erfolgreichem erstmaligen LogIn solltest Du Dein Passwort \u00e4ndern. Bitte tu dies aus Sicherheitsgr\u00fcnden am Besten sofort. Solltest Du sp\u00e4ter noch einmal Dein Passwort \u00e4ndern m\u00fcssen, findest Du diese Funktion hier oder im Menu) LogIn &gt; Passwort \u00e4ndern LOG IN Zugangsdaten vergessen? Dann melde Dich unter info(at)ztm-arbeitskreis.de<\/p>\n","protected":false},"author":1,"featured_media":0,"parent":0,"menu_order":0,"comment_status":"closed","ping_status":"closed","template":"","meta":{"footnotes":""},"class_list":["post-41","page","type-page","status-publish","hentry"],"_links":{"self":[{"href":"http:\/\/ztm-arbeitskreis.de\/index.php\/wp-json\/wp\/v2\/pages\/41","targetHints":{"allow":["GET"]}}],"collection":[{"href":"http:\/\/ztm-arbeitskreis.de\/index.php\/wp-json\/wp\/v2\/pages"}],"about":[{"href":"http:\/\/ztm-arbeitskreis.de\/index.php\/wp-json\/wp\/v2\/types\/page"}],"author":[{"embeddable":true,"href":"http:\/\/ztm-arbeitskreis.de\/index.php\/wp-json\/wp\/v2\/users\/1"}],"replies":[{"embeddable":true,"href":"http:\/\/ztm-arbeitskreis.de\/index.php\/wp-json\/wp\/v2\/comments?post=41"}],"version-history":[{"count":6,"href":"http:\/\/ztm-arbeitskreis.de\/index.php\/wp-json\/wp\/v2\/pages\/41\/revisions"}],"predecessor-version":[{"id":971,"href":"http:\/\/ztm-arbeitskreis.de\/index.php\/wp-json\/wp\/v2\/pages\/41\/revisions\/971"}],"wp:attachment":[{"href":"http:\/\/ztm-arbeitskreis.de\/index.php\/wp-json\/wp\/v2\/media?parent=41"}],"curies":[{"name":"wp","href":"https:\/\/api.w.org\/{rel}","templated":true}]}}